{"id":1319,"date":"2021-11-22T08:36:33","date_gmt":"2021-11-22T07:36:33","guid":{"rendered":"https:\/\/educardio.umw.edu.pl\/nurses\/?page_id=1319"},"modified":"2021-12-13T08:43:50","modified_gmt":"2021-12-13T07:43:50","slug":"szkolenie-dla-pielegniarek","status":"publish","type":"page","link":"https:\/\/instytut.umw.edu.pl\/nurses\/szkolenie-dla-pielegniarek\/","title":{"rendered":"Szkolenie dla piel\u0119gniarek"},"content":{"rendered":"<div id=\"tdi_1\" class=\"tdc-zone\"><div class=\"tdc_zone tdi_2  wpb_row td-pb-row\"  >\n<style scoped>\n\n\/* custom css *\/\n.tdi_2{\r\n                    min-height: 0;\r\n                }\n<\/style><div id=\"tdi_3\" class=\"tdc-row stretch_row_1800 td-stretch-content\"><div class=\"vc_row tdi_4  wpb_row td-pb-row tdc-element-style\" >\n<style scoped>\n\n\/* custom css *\/\n.tdi_4,\r\n                .tdi_4 .tdc-columns{\r\n                    min-height: 240px;\r\n                }.tdi_4,\r\n\t\t\t\t.tdi_4 .tdc-columns{\r\n\t\t\t\t    display: block;\r\n\t\t\t\t}.tdi_4 .tdc-columns{\r\n\t\t\t\t    width: 100%;\r\n\t\t\t\t}\n\n\/* landscape *\/\n@media (min-width: 1019px) and (max-width: 1140px){\n.tdi_4,\r\n                .tdi_4 .tdc-columns{\r\n                    min-height: 180px;\r\n                }\n}\n\n\/* portrait *\/\n@media (min-width: 768px) and (max-width: 1018px){\n.tdi_4,\r\n                .tdi_4 .tdc-columns{\r\n                    min-height: 220px;\r\n                }\n}\n\/* inline tdc_css att *\/\n\n.tdi_4{\nposition:relative;\n}\n\n.tdi_4 .td_block_wrap{ text-align:left }\n\n<\/style>\n<div class=\"tdi_3_rand_style td-element-style\" ><div class=\"td-element-style-before\"><style>\n.tdi_3_rand_style > .td-element-style-before {\ncontent:'' !important;\nwidth:100% !important;\nheight:100% !important;\nposition:absolute !important;\ntop:0 !important;\nleft:0 !important;\ndisplay:block !important;\nz-index:0 !important;\nbackground-image:url(\"https:\/\/educardio.umw.edu.pl\/nurses\/wp-content\/uploads\/2021\/06\/nurses-bg2-scaled.jpg\") !important;\nbackground-size:cover !important;\nbackground-position:center top !important;\n}\n<\/style><\/div><\/div><div class=\"vc_column tdi_6  wpb_column vc_column_container tdc-column td-pb-span12\">\n<style scoped>\n\n\/* custom css *\/\n.tdi_6{\r\n                    vertical-align: baseline;\r\n                }.tdi_6 > .wpb_wrapper,\r\n\t\t\t\t.tdi_6 > .wpb_wrapper > .tdc-elements{\r\n\t\t\t\t    display: block;\r\n\t\t\t\t}.tdi_6 > .wpb_wrapper > .tdc-elements{\r\n\t\t\t\t    width: 100%;\r\n\t\t\t\t}.tdi_6 > .wpb_wrapper > .vc_row_inner{\r\n\t\t\t\t    width: auto;\r\n\t\t\t\t}.tdi_6 > .wpb_wrapper{\r\n\t\t\t\t    width: auto;\r\n\t\t\t\t    height: auto;\r\n\t\t\t\t}\n\n\/* landscape *\/\n@media (min-width: 1019px) and (max-width: 1140px){\n.tdi_6 > .wpb_wrapper,\r\n\t\t\t\t.tdi_6 > .wpb_wrapper > .tdc-elements{\r\n                    min-height: 1px;\r\n                }\n}\n<\/style><div class=\"wpb_wrapper\"><div class=\"tdm_block td_block_wrap tdm_block_inline_text tdi_7 td-pb-border-top td_block_template_1\"  data-td-block-uid=\"tdi_7\" >\n<style>\n\n\/* inline tdc_css att *\/\n\n.tdi_7{\npadding-top:20px !important;\npadding-bottom:20px !important;\n}\n\n<\/style>\n<style>\n\/* custom css *\/\n.tdm_block.tdm_block_inline_text{\r\n                  margin-bottom: 0;\r\n                  vertical-align: top;\r\n                }.tdm_block.tdm_block_inline_text .tdm-descr{\r\n                  margin-bottom: 0;\r\n                  -webkit-transform: translateZ(0);\r\n                  transform: translateZ(0);\r\n                }.tdc-row-content-vert-center .tdm-inline-text-yes{\r\n                  vertical-align: middle;\r\n                }.tdc-row-content-vert-bottom .tdm-inline-text-yes{\r\n                  vertical-align: bottom;\r\n                }.tdi_7{\r\n                    text-align: center !important;\r\n                    margin-right: auto; \r\n                    margin-left: auto;\r\n                }.tdi_7 .tdm-descr{\r\n                    color: #ffffff;\r\n                \r\n\t\t\t\t\tfont-family:Alegreya Sans SC !important;font-size:26px !important;line-height:1.6 !important;font-weight:300 !important;letter-spacing:3.0px !important;\r\n\t\t\t\t}\n\n\/* landscape *\/\n@media (min-width: 1019px) and (max-width: 1140px){\n.tdi_7 .tdm-descr{\r\n\t\t\t\t\tfont-family:Alegreya Sans SC !important;font-size:24px !important;line-height:1.6 !important;font-weight:300 !important;letter-spacing:3.0px !important;\r\n\t\t\t\t}\n}\n\n\/* portrait *\/\n@media (min-width: 768px) and (max-width: 1018px){\n.tdi_7 .tdm-descr{\r\n\t\t\t\t\tfont-family:Alegreya Sans SC !important;font-size:18px !important;line-height:1.6 !important;font-weight:300 !important;letter-spacing:3.0px !important;\r\n\t\t\t\t}\n}\n\n\/* phone *\/\n@media (max-width: 767px){\n.tdi_7 .tdm-descr{\r\n\t\t\t\t\tfont-family:Alegreya Sans SC !important;font-size:16px !important;line-height:1.6 !important;font-weight:300 !important;letter-spacing:3.0px !important;\r\n\t\t\t\t}\n}\n<\/style><p class=\"tdm-descr\">educardio<\/p><\/div><div class=\"tdm_block td_block_wrap tdm_block_inline_text tdi_8 td-pb-border-top td_block_template_1\"  data-td-block-uid=\"tdi_8\" >\n<style>\n\/* custom css *\/\n.tdi_8{\r\n                    text-align: center !important;\r\n                    margin-right: auto; \r\n                    margin-left: auto;\r\n                }.tdi_8 .tdm-descr{\r\n                    color: #ffffff;\r\n                \r\n\t\t\t\t\tfont-family:Cormorant Garamond !important;font-size:40px !important;line-height:1.2 !important;font-weight:400 !important;letter-spacing:1.5px !important;\r\n\t\t\t\t}\n\n\/* landscape *\/\n@media (min-width: 1019px) and (max-width: 1140px){\n.tdi_8 .tdm-descr{\r\n\t\t\t\t\tfont-family:Cormorant Garamond !important;font-size:64px !important;line-height:1.2 !important;font-weight:400 !important;letter-spacing:1.5px !important;\r\n\t\t\t\t}\n}\n\n\/* portrait *\/\n@media (min-width: 768px) and (max-width: 1018px){\n.tdi_8 .tdm-descr{\r\n\t\t\t\t\tfont-family:Cormorant Garamond !important;font-size:48px !important;line-height:1.2 !important;font-weight:400 !important;letter-spacing:1.5px !important;\r\n\t\t\t\t}\n}\n\n\/* phone *\/\n@media (max-width: 767px){\n.tdi_8 .tdm-descr{\r\n\t\t\t\t\tfont-family:Cormorant Garamond !important;font-size:36px !important;line-height:1.2 !important;font-weight:400 !important;letter-spacing:1.5px !important;\r\n\t\t\t\t}\n}\n<\/style><p class=\"tdm-descr\">Szkolenia dla\u00a0piel\u0119gniarek \n<br>z niewydolno\u015bci serca<\/p><\/div><\/div><\/div><\/div><\/div><div id=\"tdi_9\" class=\"tdc-row stretch_row\"><div class=\"vc_row tdi_10  wpb_row td-pb-row\" >\n<style scoped>\n\n\/* custom css *\/\n.tdi_10,\r\n                .tdi_10 .tdc-columns{\r\n                    min-height: 0;\r\n                }.tdi_10,\r\n\t\t\t\t.tdi_10 .tdc-columns{\r\n\t\t\t\t    display: block;\r\n\t\t\t\t}.tdi_10 .tdc-columns{\r\n\t\t\t\t    width: 100%;\r\n\t\t\t\t}@media (min-width: 768px) {\r\n\t                .tdi_10 {\r\n\t                    margin-left: -10px;\r\n\t                    margin-right: -10px;\r\n\t                }\r\n\t                .tdi_10 .tdc-row-video-background-error,\r\n\t                .tdi_10 .vc_column {\r\n\t                    padding-left: 10px;\r\n\t                    padding-right: 10px;\r\n\t                }\r\n                }\n\n\/* portrait *\/\n@media (min-width: 768px) and (max-width: 1018px){\n@media (min-width: 768px) {\r\n\t                .tdi_10 {\r\n\t                    margin-left: -5px;\r\n\t                    margin-right: -5px;\r\n\t                }\r\n\t                .tdi_10 .tdc-row-video-background-error,\r\n\t                .tdi_10 .vc_column {\r\n\t                    padding-left: 5px;\r\n\t                    padding-right: 5px;\r\n\t                }\r\n                }\n}\n\/* inline tdc_css att *\/\n\n.tdi_10{\npadding-top:50px !important;\npadding-bottom:10px !important;\n}\n\n.tdi_10 .td_block_wrap{ text-align:left }\n\n\/* portrait *\/\n@media (min-width: 768px) and (max-width: 1018px)\n{\n.tdi_10{\npadding-right:10px !important;\npadding-left:5px !important;\n}\n}\n\n\/* phone *\/\n@media (max-width: 767px)\n{\n.tdi_10{\nmargin-bottom:-30px !important;\npadding-bottom:0px !important;\n}\n}\n\n<\/style><div class=\"vc_column tdi_12  wpb_column vc_column_container tdc-column td-pb-span12\">\n<style scoped>\n\n\/* custom css *\/\n.tdi_12{\r\n                    vertical-align: baseline;\r\n                }.tdi_12 > .wpb_wrapper,\r\n\t\t\t\t.tdi_12 > .wpb_wrapper > .tdc-elements{\r\n\t\t\t\t    display: block;\r\n\t\t\t\t}.tdi_12 > .wpb_wrapper > .tdc-elements{\r\n\t\t\t\t    width: 100%;\r\n\t\t\t\t}.tdi_12 > .wpb_wrapper > .vc_row_inner{\r\n\t\t\t\t    width: auto;\r\n\t\t\t\t}.tdi_12 > .wpb_wrapper{\r\n\t\t\t\t    width: auto;\r\n\t\t\t\t    height: auto;\r\n\t\t\t\t}\n\/* inline tdc_css att *\/\n\n.tdi_12{\nwidth:100% !important;\n}\n\n\/* phone *\/\n@media (max-width: 767px)\n{\n.tdi_12{\nmargin-bottom:60px !important;\nwidth:100% !important;\n}\n}\n\n\/* portrait *\/\n@media (min-width: 768px) and (max-width: 1018px)\n{\n.tdi_12{\npadding-left:30px !important;\n}\n}\n\n<\/style><div class=\"wpb_wrapper\"><div class=\"td_block_wrap td_block_title tdi_13 td-pb-border-top td_block_template_2 td-fix-index\"  data-td-block-uid=\"tdi_13\" >\n<style>\n.td_block_template_2.widget > ul > li {\r\n                margin-left: 0 !important;\r\n            }\r\n            \r\n            .td_block_template_2 .td-block-title {\r\n                font-size: 17px;\r\n                font-weight: 500;\r\n                margin-top: 0;\r\n                margin-bottom: 16px;\r\n                line-height: 31px;\r\n                text-align: left;\r\n            }\r\n            .td_block_template_2 .td-block-title > * {\r\n                color: #000;\r\n            }\r\n            .td_block_template_2 .td-related-title a {\r\n                padding: 0 20px 0 0;\r\n            }\r\n            @media (max-width: 767px) {\r\n                .td_block_template_2 .td-related-title a {\r\n                    font-size: 15px;\r\n                }\r\n            }\r\n            .td_block_template_2 .td-related-title .td-cur-simple-item {\r\n                color: #4db2ec;\r\n            }\r\n            \r\n            \r\n            \r\n            \r\n            .td-theme-wrap .tdi_13 .td-block-title > *,\r\n            .td-theme-wrap .tdi_13 .td-pulldown-filter-link:hover,\r\n            .td-theme-wrap .tdi_13 .td-subcat-item a:hover,\r\n            .td-theme-wrap .tdi_13 .td-subcat-item .td-cur-simple-item,\r\n            .td-theme-wrap .tdi_13 .td-subcat-dropdown:hover .td-subcat-more span,\r\n            .td-theme-wrap .tdi_13 .td-subcat-dropdown:hover .td-subcat-more i {\r\n                color: #000066;\r\n            }\r\n\r\n            .td-theme-wrap .tdi_13 .td-subcat-dropdown ul:after {\r\n                background-color: #000066;\r\n            }\r\n            \r\n            \r\n            .td-theme-wrap .tdi_13 .td_module_wrap:hover .entry-title a,\r\n            .td-theme-wrap .tdi_13 .td_quote_on_blocks,\r\n            .td-theme-wrap .tdi_13 .td-opacity-cat .td-post-category:hover,\r\n            .td-theme-wrap .tdi_13 .td-opacity-read .td-read-more a:hover,\r\n            .td-theme-wrap .tdi_13 .td-opacity-author .td-post-author-name a:hover,\r\n            .td-theme-wrap .tdi_13 .td-instagram-user a {\r\n                color: #000066;\r\n            }\r\n\r\n            .td-theme-wrap .tdi_13 .td-next-prev-wrap a:hover,\r\n            .td-theme-wrap .tdi_13 .td-load-more-wrap a:hover {\r\n                background-color: #000066;\r\n                border-color: #000066;\r\n            }\r\n\r\n            .td-theme-wrap .tdi_13 .td-read-more a,\r\n            .td-theme-wrap .tdi_13 .td-weather-information:before,\r\n            .td-theme-wrap .tdi_13 .td-weather-week:before,\r\n            .td-theme-wrap .tdi_13 .td-exchange-header:before,\r\n            .td-theme-wrap .td-footer-wrapper .tdi_13 .td-post-category,\r\n            .td-theme-wrap .tdi_13 .td-post-category:hover {\r\n                background-color: #000066;\r\n            }\n\/* inline tdc_css att *\/\n\n.tdi_13{\nmargin-bottom:20px !important;\npadding-bottom:0px !important;\npadding-left:10px !important;\nborder-color:#cc0000 !important;\nwidth:500px !important;\nborder-style:solid !important;\nborder-width: 0px 0px 0px 4px !important;\n}\n\n<\/style>\n<style>\n\/* custom css *\/\nbody .tdi_13 .td-block-title a,\r\n\t\t\t\tbody .tdi_13 .td-block-title span{\r\n\t\t\t\t\tfont-family:Cormorant Garamond !important;font-size:46px !important;line-height:1 !important;font-weight:600 !important;\r\n\t\t\t\t}body .tdi_13 .td-block-title{\r\n\t\t\t\t\ttext-align: left;\r\n\t\t\t\t}body .tdi_13.td_block_template_4 .td-block-title > *:before{\r\n\t\t\t\t    right: auto;\r\n\t\t\t\t    left: 10px;\r\n\t\t\t\t}body .tdi_13.td_block_template_5 .td-block-title > *{\r\n\t\t\t\t    border-width: 0 0 0 4px;\r\n\t\t\t\t}body .tdi_13.td_block_template_8 .td-block-title > *{\r\n\t\t\t\t\tpadding-left: 0;\r\n\t\t\t\t\tpadding-right: 20px;\r\n\t\t\t\t}body .tdi_13.td_block_template_9 .td-block-title:after{\r\n\t\t\t\t\tright: auto;\r\n\t\t\t\t\tleft: 0;\r\n\t\t\t\t}body .tdi_13.td_block_template_13 .td-block-subtitle{\r\n\t\t\t\t\tright: auto;\r\n\t\t\t\t\tleft: -4px;\r\n\t\t\t\t}body .tdi_13.td_block_template_17 .td-block-title:after{\r\n\t\t\t\t\tright: auto;\r\n\t\t\t\t\tleft: 15px;\r\n\t\t\t\t}\n<\/style><div class=\"td-block-title-wrap\"><h4 class=\"td-block-title\"><span class=\"td-pulldown-size\">Szkolenie dla piel\u0119gniarek<\/span><\/h4><\/div><\/div><\/div><\/div><\/div><\/div><div id=\"tdi_14\" class=\"tdc-row\"><div class=\"vc_row tdi_15  wpb_row td-pb-row\" >\n<style scoped>\n\n\/* custom css *\/\n.tdi_15,\r\n                .tdi_15 .tdc-columns{\r\n                    min-height: 0;\r\n                }.tdi_15,\r\n\t\t\t\t.tdi_15 .tdc-columns{\r\n\t\t\t\t    display: block;\r\n\t\t\t\t}.tdi_15 .tdc-columns{\r\n\t\t\t\t    width: 100%;\r\n\t\t\t\t}\n<\/style><div class=\"vc_column tdi_17  wpb_column vc_column_container tdc-column td-pb-span12\">\n<style scoped>\n\n\/* custom css *\/\n.tdi_17{\r\n                    vertical-align: baseline;\r\n                }.tdi_17 > .wpb_wrapper,\r\n\t\t\t\t.tdi_17 > .wpb_wrapper > .tdc-elements{\r\n\t\t\t\t    display: block;\r\n\t\t\t\t}.tdi_17 > .wpb_wrapper > .tdc-elements{\r\n\t\t\t\t    width: 100%;\r\n\t\t\t\t}.tdi_17 > .wpb_wrapper > .vc_row_inner{\r\n\t\t\t\t    width: auto;\r\n\t\t\t\t}.tdi_17 > .wpb_wrapper{\r\n\t\t\t\t    width: auto;\r\n\t\t\t\t    height: auto;\r\n\t\t\t\t}\n<\/style><div class=\"wpb_wrapper\"><div class=\"wpb_wrapper wpb_text_column td_block_wrap td_block_wrap vc_column_text tdi_18  tagdiv-type td-pb-border-top td_block_template_1\"  data-td-block-uid=\"tdi_18\" >\n<style>\n\/* custom css *\/\n.tdi_18,\r\n                .tdi_18 p{\r\n\t\t\t        line-height:1.5 !important;\r\n\t\t        }\n<\/style><div class=\"td-block-title-wrap\"><\/div><div class=\"td-fix-index\"><p>Nasze SZKOLENIE DLA PIEL\u0118GNIAREK Z NIEWYDOLNO\u015aCI SERCA dost\u0119pne jest po<strong> <a href=\"\/nurses\/rejestracja-certyfikat\/\">zarejestrowaniu si\u0119<\/a> <\/strong>na naszej Platformie.<\/p>\n<p>Kurs sk\u0142ada si\u0119 z dw\u00f3ch etap\u00f3w:<br \/>1. Zapoznanie si\u0119 z materia\u0142ami dydaktycznymi dotycz\u0105cymi omawianego zagadnienia<br \/>2. Egzamin w formie Testu.\u00a0<\/p>\n<p>Je\u015bli zdasz Test, zdobywaj\u0105c odpowiedni\u0105 liczb\u0119 punkt\u00f3w, mo\u017cesz uzyska\u0107 CERTYFIKAT PIEL\u0118GNIARKI NIEWYDOLNO\u015aCI SERCA.<\/p>\n<p>Na rozwi\u0105zanie testu masz 30 dni od chwili rejestracji w naszym systemie.<br \/>Od momentu rozpocz\u0119cia testu masz nie wi\u0119cej ni\u017c 50 minut na rozwi\u0105zanie go.<br \/>Test zawiera 50 pyta\u0144. Za ka\u017cd\u0105 poprawn\u0105 odpowied\u017a uzyskasz 1 punkt.<br \/>Aby zdoby\u0107 certyfikat, musisz spe\u0142ni\u0107 nast\u0119puj\u0105ce warunki:<br \/>\u2013 odpowiedzie\u0107 na wszystkie pytania<br \/>\u2013 uzyska\u0107 przynajmniej 35 punkt\u00f3w (70%).<\/p>\n<p>Do testu mo\u017cesz podej\u015b\u0107 maksymalnie dwa razy.\u00a0<\/p>\n<p>\u017byczymy powodzenia!<\/p>\n<\/div><\/div><div class=\"tdm_block td_block_wrap tdm_block_button tdi_19 tdm-block-button-inline tdm-content-horiz-left td-pb-border-top td_block_template_1\"  data-td-block-uid=\"tdi_19\"     >\n<style>\n\n\/* inline tdc_css att *\/\n\n.tdi_19{\nmargin-bottom:30px !important;\n}\n\n<\/style>\n<style>\n\/* custom css *\/\n.tdm_block.tdm_block_button{\r\n                  margin-bottom: 0;\r\n                }.tdm_block.tdm_block_button .tds-button{\r\n                  line-height: 0;\r\n                }.tdm_block.tdm_block_button.tdm-block-button-inline{\r\n                  display: inline-block;\r\n                }.tdm_block.tdm_block_button.tdm-block-button-full,\r\n                .tdm_block.tdm_block_button.tdm-block-button-full .tdm-btn{\r\n                  display: block;\r\n                }\n<\/style>\n<style>\nbody .tdi_20:before{\r\n\t\t\t\t\tbackground-color: #cc0000;\r\n\t\t\t\t}body .tdi_20:hover:before{\r\n\t\t\t\t\topacity: 1;\r\n\t\t\t\t}\n<\/style><div class=\"tds-button td-fix-index\"><a \r\n                href=\"https:\/\/educardio.umw.edu.pl\/nurses\/courses\/szkolenie-dla-pielegniarek-z-niewydolnosci-serca\/\" \r\n                class=\"tds-button1 tdm-btn tdm-btn-xlg tdi_20\" ><span class=\"tdm-btn-text\">START !<\/span><\/a><\/div><\/div><\/div><\/div><\/div><\/div><\/div><\/div>","protected":false},"excerpt":{"rendered":"","protected":false},"author":1,"featured_media":0,"parent":0,"menu_order":0,"comment_status":"closed","ping_status":"closed","template":"","meta":{"footnotes":""},"class_list":["post-1319","page","type-page","status-publish"],"_links":{"self":[{"href":"https:\/\/instytut.umw.edu.pl\/nurses\/wp-json\/wp\/v2\/pages\/1319","targetHints":{"allow":["GET"]}}],"collection":[{"href":"https:\/\/instytut.umw.edu.pl\/nurses\/wp-json\/wp\/v2\/pages"}],"about":[{"href":"https:\/\/instytut.umw.edu.pl\/nurses\/wp-json\/wp\/v2\/types\/page"}],"author":[{"embeddable":true,"href":"https:\/\/instytut.umw.edu.pl\/nurses\/wp-json\/wp\/v2\/users\/1"}],"replies":[{"embeddable":true,"href":"https:\/\/instytut.umw.edu.pl\/nurses\/wp-json\/wp\/v2\/comments?post=1319"}],"version-history":[{"count":19,"href":"https:\/\/instytut.umw.edu.pl\/nurses\/wp-json\/wp\/v2\/pages\/1319\/revisions"}],"predecessor-version":[{"id":2217,"href":"https:\/\/instytut.umw.edu.pl\/nurses\/wp-json\/wp\/v2\/pages\/1319\/revisions\/2217"}],"wp:attachment":[{"href":"https:\/\/instytut.umw.edu.pl\/nurses\/wp-json\/wp\/v2\/media?parent=1319"}],"curies":[{"name":"wp","href":"https:\/\/api.w.org\/{rel}","templated":true}]}}